{"id":86,"date":"2019-07-03T17:45:04","date_gmt":"2019-07-03T17:45:04","guid":{"rendered":"http:\/\/huelser-mitteilungen.de\/?page_id=86"},"modified":"2020-08-26T10:31:02","modified_gmt":"2020-08-26T10:31:02","slug":"dein-weg-zu-uns","status":"publish","type":"page","link":"https:\/\/huelser-mitteilungen.de\/?page_id=86","title":{"rendered":"Ihr Weg zu uns"},"content":{"rendered":"\t\t<div data-elementor-type=\"wp-post\" data-elementor-id=\"86\" class=\"elementor elementor-86\" data-elementor-settings=\"[]\">\n\t\t\t\t\t\t<div class=\"elementor-inner\">\n\t\t\t\t\t\t\t<div class=\"elementor-section-wrap\">\n\t\t\t\t\t\t\t<section class=\"elementor-section elementor-top-section elementor-element elementor-element-5a8fe44 elementor-section-boxed elementor-section-height-default elementor-section-height-default\" data-id=\"5a8fe44\" data-element_type=\"section\">\n\t\t\t\t\t\t<div class=\"elementor-container elementor-column-gap-default\">\n\t\t\t\t\t\t\t<div class=\"elementor-row\">\n\t\t\t\t\t<div class=\"elementor-column elementor-col-100 elementor-top-column elementor-element elementor-element-555d20c\" data-id=\"555d20c\" data-element_type=\"column\">\n\t\t\t<div class=\"elementor-column-wrap elementor-element-populated\">\n\t\t\t\t\t\t\t<div class=\"elementor-widget-wrap\">\n\t\t\t\t\t\t<section class=\"elementor-section elementor-inner-section elementor-element elementor-element-e7c3075 elementor-section-boxed elementor-section-height-default elementor-section-height-default\" data-id=\"e7c3075\" data-element_type=\"section\">\n\t\t\t\t\t\t<div class=\"elementor-container elementor-column-gap-default\">\n\t\t\t\t\t\t\t<div class=\"elementor-row\">\n\t\t\t\t\t<div class=\"elementor-column elementor-col-50 elementor-inner-column elementor-element elementor-element-6e6b5de\" data-id=\"6e6b5de\" data-element_type=\"column\">\n\t\t\t<div class=\"elementor-column-wrap elementor-element-populated\">\n\t\t\t\t\t\t\t<div class=\"elementor-widget-wrap\">\n\t\t\t\t\t\t<div class=\"elementor-element elementor-element-6ded209 elementor-widget elementor-widget-text-editor\" data-id=\"6ded209\" data-element_type=\"widget\" data-widget_type=\"text-editor.default\">\n\t\t\t\t<div class=\"elementor-widget-container\">\n\t\t\t\t\t<div class=\"elementor-text-editor elementor-clearfix\"><p>Mehrere Wege f\u00fchren zu uns:<\/p>\n<ul>\n<li>Das B\u00fcro ist zu Fu\u00df von der Klever Stra\u00dfe 19 (da ist auch der Briefkasten) zu erreichen.&nbsp;<\/li>\n<li>Mit dem Auto k\u00f6nnen Sie die Zufahrt T\u00f6nisberger Stra\u00dfe (zwischen Hausnummer 40 und 42) nutzen und auf unserem Hof parken.<\/li>\n<li>oder Sie kommen \u00fcber den Parkplatz Am Beckshof durch das gr\u00fcne Tor.<\/li>\n<\/ul><\/div>\n\t\t\t\t<\/div>\n\t\t\t\t<\/div>\n\t\t\t\t\t\t<\/div>\n\t\t\t\t\t<\/div>\n\t\t<\/div>\n\t\t\t\t<div class=\"elementor-column elementor-col-50 elementor-inner-column elementor-element elementor-element-f068170\" data-id=\"f068170\" data-element_type=\"column\">\n\t\t\t<div class=\"elementor-column-wrap elementor-element-populated\">\n\t\t\t\t\t\t\t<div class=\"elementor-widget-wrap\">\n\t\t\t\t\t\t<div class=\"elementor-element elementor-element-4a781ca elementor-widget elementor-widget-google_maps\" data-id=\"4a781ca\" data-element_type=\"widget\" data-widget_type=\"google_maps.default\">\n\t\t\t\t<div class=\"elementor-widget-container\">\n\t\t\t<div class=\"elementor-custom-embed\"><iframe frameborder=\"0\" scrolling=\"no\" marginheight=\"0\" marginwidth=\"0\" src=\"https:\/\/maps.google.com\/maps?q=Klever%20Str.%2019%2C%2047839%20Krefeld&amp;t=m&amp;z=13&amp;output=embed&amp;iwloc=near\" title=\"Klever Str. 19, 47839 Krefeld\" aria-label=\"Klever Str. 19, 47839 Krefeld\"><\/iframe><\/div>\t\t<\/div>\n\t\t\t\t<\/div>\n\t\t\t\t\t\t<\/div>\n\t\t\t\t\t<\/div>\n\t\t<\/div>\n\t\t\t\t\t\t\t\t<\/div>\n\t\t\t\t\t<\/div>\n\t\t<\/section>\n\t\t\t\t\t\t<\/div>\n\t\t\t\t\t<\/div>\n\t\t<\/div>\n\t\t\t\t\t\t\t\t<\/div>\n\t\t\t\t\t<\/div>\n\t\t<\/section>\n\t\t\t\t<section class=\"elementor-section elementor-top-section elementor-element elementor-element-9eca40a elementor-section-boxed elementor-section-height-default elementor-section-height-default\" data-id=\"9eca40a\" data-element_type=\"section\">\n\t\t\t\t\t\t<div class=\"elementor-container elementor-column-gap-default\">\n\t\t\t\t\t\t\t<div class=\"elementor-row\">\n\t\t\t\t\t<div class=\"elementor-column elementor-col-100 elementor-top-column elementor-element elementor-element-9a037ff\" data-id=\"9a037ff\" data-element_type=\"column\">\n\t\t\t<div class=\"elementor-column-wrap elementor-element-populated\">\n\t\t\t\t\t\t\t<div class=\"elementor-widget-wrap\">\n\t\t\t\t\t\t<div class=\"elementor-element elementor-element-8c773cf elementor-widget elementor-widget-image\" data-id=\"8c773cf\" data-element_type=\"widget\" data-widget_type=\"image.default\">\n\t\t\t\t<div class=\"elementor-widget-container\">\n\t\t\t\t\t<div class=\"elementor-image\">\n\t\t\t\t\t\t\t\t\t\t<img width=\"840\" height=\"584\" src=\"https:\/\/huelser-mitteilungen.de\/wp-content\/uploads\/2020\/05\/parkplatz_h\u00fcmi-2-1024x712.jpg\" class=\"attachment-large size-large\" alt=\"\" loading=\"lazy\" srcset=\"https:\/\/huelser-mitteilungen.de\/wp-content\/uploads\/2020\/05\/parkplatz_h\u00fcmi-2-1024x712.jpg 1024w, https:\/\/huelser-mitteilungen.de\/wp-content\/uploads\/2020\/05\/parkplatz_h\u00fcmi-2-300x209.jpg 300w, https:\/\/huelser-mitteilungen.de\/wp-content\/uploads\/2020\/05\/parkplatz_h\u00fcmi-2-768x534.jpg 768w, https:\/\/huelser-mitteilungen.de\/wp-content\/uploads\/2020\/05\/parkplatz_h\u00fcmi-2-1536x1068.jpg 1536w, https:\/\/huelser-mitteilungen.de\/wp-content\/uploads\/2020\/05\/parkplatz_h\u00fcmi-2-2048x1424.jpg 2048w, https:\/\/huelser-mitteilungen.de\/wp-content\/uploads\/2020\/05\/parkplatz_h\u00fcmi-2-1200x834.jpg 1200w\" sizes=\"(max-width: 709px) 85vw, (max-width: 909px) 67vw, (max-width: 1362px) 62vw, 840px\" \/>\t\t\t\t\t\t\t\t\t\t\t<\/div>\n\t\t\t\t<\/div>\n\t\t\t\t<\/div>\n\t\t\t\t\t\t<\/div>\n\t\t\t\t\t<\/div>\n\t\t<\/div>\n\t\t\t\t\t\t\t\t<\/div>\n\t\t\t\t\t<\/div>\n\t\t<\/section>\n\t\t\t\t\t\t<\/div>\n\t\t\t\t\t\t<\/div>\n\t\t\t\t\t<\/div>\n\t\t","protected":false},"excerpt":{"rendered":"<p>Mehrere Wege f\u00fchren zu uns: Das B\u00fcro ist zu Fu\u00df von der Klever Stra\u00dfe 19 (da ist auch der Briefkasten) zu erreichen.&nbsp; Mit dem Auto k\u00f6nnen Sie die Zufahrt T\u00f6nisberger Stra\u00dfe (zwischen Hausnummer 40 und 42) nutzen und auf unserem Hof parken. oder Sie kommen \u00fcber den Parkplatz Am Beckshof durch das gr\u00fcne Tor.<\/p>\n","protected":false},"author":1,"featured_media":0,"parent":0,"menu_order":0,"comment_status":"closed","ping_status":"closed","template":"","meta":[],"_links":{"self":[{"href":"https:\/\/huelser-mitteilungen.de\/index.php?rest_route=\/wp\/v2\/pages\/86"}],"collection":[{"href":"https:\/\/huelser-mitteilungen.de\/index.php?rest_route=\/wp\/v2\/pages"}],"about":[{"href":"https:\/\/huelser-mitteilungen.de\/index.php?rest_route=\/wp\/v2\/types\/page"}],"author":[{"embeddable":true,"href":"https:\/\/huelser-mitteilungen.de\/index.php?rest_route=\/wp\/v2\/users\/1"}],"replies":[{"embeddable":true,"href":"https:\/\/huelser-mitteilungen.de\/index.php?rest_route=%2Fwp%2Fv2%2Fcomments&post=86"}],"version-history":[{"count":15,"href":"https:\/\/huelser-mitteilungen.de\/index.php?rest_route=\/wp\/v2\/pages\/86\/revisions"}],"predecessor-version":[{"id":861,"href":"https:\/\/huelser-mitteilungen.de\/index.php?rest_route=\/wp\/v2\/pages\/86\/revisions\/861"}],"wp:attachment":[{"href":"https:\/\/huelser-mitteilungen.de\/index.php?rest_route=%2Fwp%2Fv2%2Fmedia&parent=86"}],"curies":[{"name":"wp","href":"https:\/\/api.w.org\/{rel}","templated":true}]}}